{"id":11176,"date":"2022-08-30T14:54:01","date_gmt":"2022-08-30T14:54:01","guid":{"rendered":"https:\/\/baio.webs.upv.es\/?page_id=11176"},"modified":"2023-07-25T12:45:48","modified_gmt":"2023-07-25T12:45:48","slug":"people","status":"publish","type":"page","link":"https:\/\/etc18.webs.upv.es\/index.php\/people\/","title":{"rendered":"People"},"content":{"rendered":"\t\t<div data-elementor-type=\"wp-page\" data-elementor-id=\"11176\" class=\"elementor elementor-11176\" data-elementor-post-type=\"page\">\n\t\t\t\t\t\t<section class=\"has_eae_slider elementor-section elementor-top-section elementor-element elementor-element-dba876e elementor-section-boxed elementor-section-height-default elementor-section-height-default\" data-eae-slider=\"40716\" data-id=\"dba876e\" data-element_type=\"section\" data-e-type=\"section\">\n\t\t\t\t\t\t<div class=\"elementor-container elementor-column-gap-default\">\n\t\t\t\t\t<div class=\"has_eae_slider elementor-column elementor-col-100 elementor-top-column elementor-element elementor-element-0b4592b\" data-eae-slider=\"76006\" data-id=\"0b4592b\" data-element_type=\"column\" data-e-type=\"column\">\n\t\t\t<div class=\"elementor-widget-wrap elementor-element-populated\">\n\t\t\t\t\t\t<div class=\"elementor-element elementor-element-edb41b5 elementor-widget elementor-widget-heading\" data-id=\"edb41b5\" data-element_type=\"widget\" data-e-type=\"widget\" data-widget_type=\"heading.default\">\n\t\t\t\t<div class=\"elementor-widget-container\">\n\t\t\t\t\t<h1 class=\"elementor-heading-title elementor-size-default\">People<\/h1>\t\t\t\t<\/div>\n\t\t\t\t<\/div>\n\t\t\t\t\t<\/div>\n\t\t<\/div>\n\t\t\t\t\t<\/div>\n\t\t<\/section>\n\t\t\t\t<section class=\"has_eae_slider elementor-section elementor-top-section elementor-element elementor-element-62ff23b elementor-section-boxed elementor-section-height-default elementor-section-height-default\" data-eae-slider=\"12551\" data-id=\"62ff23b\" data-element_type=\"section\" data-e-type=\"section\">\n\t\t\t\t\t\t<div class=\"elementor-container elementor-column-gap-default\">\n\t\t\t\t\t<div class=\"has_eae_slider elementor-column elementor-col-100 elementor-top-column elementor-element elementor-element-77bfc87\" data-eae-slider=\"81377\" data-id=\"77bfc87\" data-element_type=\"column\" data-e-type=\"column\">\n\t\t\t<div class=\"elementor-widget-wrap elementor-element-populated\">\n\t\t\t\t\t\t<div class=\"elementor-element elementor-element-118b791 elementor-position-top elementor-widget elementor-widget-image-box\" data-id=\"118b791\" data-element_type=\"widget\" data-e-type=\"widget\" data-widget_type=\"image-box.default\">\n\t\t\t\t<div class=\"elementor-widget-container\">\n\t\t\t\t\t<div class=\"elementor-image-box-wrapper\"><figure class=\"elementor-image-box-img\"><a href=\"https:\/\/orcid.org\/0000-0002-8458-7288\" target=\"_blank\" tabindex=\"-1\"><img fetchpriority=\"high\" decoding=\"async\" width=\"225\" height=\"300\" src=\"https:\/\/etc18.webs.upv.es\/wp-content\/uploads\/2022\/11\/hoyas-1-225x300.png\" class=\"attachment-medium size-medium wp-image-12395\" alt=\"\" srcset=\"https:\/\/etc18.webs.upv.es\/wp-content\/uploads\/2022\/11\/hoyas-1-225x300.png 225w, https:\/\/etc18.webs.upv.es\/wp-content\/uploads\/2022\/11\/hoyas-1.png 547w\" sizes=\"(max-width: 225px) 100vw, 225px\" \/><\/a><\/figure><div class=\"elementor-image-box-content\"><h3 class=\"elementor-image-box-title\"><a href=\"https:\/\/orcid.org\/0000-0002-8458-7288\" target=\"_blank\">Conference chair<\/a><\/h3><p class=\"elementor-image-box-description\">Dr. Sergio Hoyas.<br>\nProf. of Aerospace Engineering<br>\nDepartment of Thermal Engines<br>\nUniversitat Polit\u00e8cnica de Val\u00e8ncia<\/p><\/div><\/div>\t\t\t\t<\/div>\n\t\t\t\t<\/div>\n\t\t\t\t<div class=\"elementor-element elementor-element-5f19ab1 elementor-widget elementor-widget-text-editor\" data-id=\"5f19ab1\" data-element_type=\"widget\" data-e-type=\"widget\" data-widget_type=\"text-editor.default\">\n\t\t\t\t<div class=\"elementor-widget-container\">\n\t\t\t\t\t\t\t\t\t<p><a href=\"https:\/\/orcid.org\/0000-0002-8458-7288\"><img decoding=\"async\" class=\"aligncenter wp-image-12563 \" src=\"https:\/\/etc18.webs.upv.es\/wp-content\/uploads\/2023\/01\/orcid.png\" alt=\"\" width=\"32\" height=\"35\" \/><\/a><\/p>\t\t\t\t\t\t\t\t<\/div>\n\t\t\t\t<\/div>\n\t\t\t\t\t<\/div>\n\t\t<\/div>\n\t\t\t\t\t<\/div>\n\t\t<\/section>\n\t\t\t\t<section class=\"has_eae_slider elementor-section elementor-top-section elementor-element elementor-element-53a83c4 elementor-section-boxed elementor-section-height-default elementor-section-height-default\" data-eae-slider=\"55065\" data-id=\"53a83c4\" data-element_type=\"section\" data-e-type=\"section\">\n\t\t\t\t\t\t<div class=\"elementor-container elementor-column-gap-default\">\n\t\t\t\t\t<div class=\"has_eae_slider elementor-column elementor-col-33 elementor-top-column elementor-element elementor-element-b49fb23\" data-eae-slider=\"40221\" data-id=\"b49fb23\" data-element_type=\"column\" data-e-type=\"column\">\n\t\t\t<div class=\"elementor-widget-wrap elementor-element-populated\">\n\t\t\t\t\t\t<div class=\"elementor-element elementor-element-46cf759 elementor-widget elementor-widget-wpzoom-elementor-addons-team-members\" data-id=\"46cf759\" data-element_type=\"widget\" data-e-type=\"widget\" data-widget_type=\"wpzoom-elementor-addons-team-members.default\">\n\t\t\t\t<div class=\"elementor-widget-container\">\n\t\t\t\t\t\n\t\t\t\t\t<figure class=\"wpz-member-figure\">\n\t\t\t\t<img decoding=\"async\" width=\"768\" height=\"926\" src=\"https:\/\/etc18.webs.upv.es\/wp-content\/uploads\/2022\/11\/IMG_0280-768x926.jpg\" class=\"elementor-animation-disable-animation attachment-medium_large size-medium_large wp-image-12483\" alt=\"\" srcset=\"https:\/\/etc18.webs.upv.es\/wp-content\/uploads\/2022\/11\/IMG_0280-768x926.jpg 768w, https:\/\/etc18.webs.upv.es\/wp-content\/uploads\/2022\/11\/IMG_0280-249x300.jpg 249w, https:\/\/etc18.webs.upv.es\/wp-content\/uploads\/2022\/11\/IMG_0280-849x1024.jpg 849w, https:\/\/etc18.webs.upv.es\/wp-content\/uploads\/2022\/11\/IMG_0280-1274x1536.jpg 1274w, https:\/\/etc18.webs.upv.es\/wp-content\/uploads\/2022\/11\/IMG_0280-1698x2048.jpg 1698w, https:\/\/etc18.webs.upv.es\/wp-content\/uploads\/2022\/11\/IMG_0280-600x724.jpg 600w, https:\/\/etc18.webs.upv.es\/wp-content\/uploads\/2022\/11\/IMG_0280.jpg 1846w\" sizes=\"100vw\" \/>\t\t\t<\/figure>\n\t\t\n\t\t<div class=\"wpz-member-body\">\n\t\t\t<h2 class=\"wpz-member-name\">Dr. Oscar Flores Co-chair<\/h2>\n\t\t\t\t\t\t\t<div class=\"wpz-member-position\"><br>Associate Professor of Aerospace Engineering<br>Department of Aerospace <br>Universidad Carlos III de Madrid<\/div>\n\t\t\t\n\t\t\t\n\t\t\t\n\t\t\t\t\t\t\t<div class=\"wpz-member-links\">\n\t\t\t\t\t<a target=\"_blank\" rel=\"noopener\" href=\"https:\/\/researchportal.uc3m.es\/display\/inv41772\" class=\"elementor-repeater-item-f626244\"><i class=\"fa-wordpress fab\" aria-hidden=\"true\"><\/i><\/a>\t\t\t\t<\/div>\n\t\t\t\n\t\t\t\t\t<\/div>\n\t\t\t\t\t\t<\/div>\n\t\t\t\t<\/div>\n\t\t\t\t\t<\/div>\n\t\t<\/div>\n\t\t\t\t<div class=\"has_eae_slider elementor-column elementor-col-33 elementor-top-column elementor-element elementor-element-2edd6b1\" data-eae-slider=\"26065\" data-id=\"2edd6b1\" data-element_type=\"column\" data-e-type=\"column\">\n\t\t\t<div class=\"elementor-widget-wrap elementor-element-populated\">\n\t\t\t\t\t\t<div class=\"elementor-element elementor-element-c362e6a elementor-widget elementor-widget-wpzoom-elementor-addons-team-members\" data-id=\"c362e6a\" data-element_type=\"widget\" data-e-type=\"widget\" data-widget_type=\"wpzoom-elementor-addons-team-members.default\">\n\t\t\t\t<div class=\"elementor-widget-container\">\n\t\t\t\t\t\n\t\t\t\t\t<figure class=\"wpz-member-figure\">\n\t\t\t\t<img loading=\"lazy\" decoding=\"async\" width=\"800\" height=\"335\" src=\"https:\/\/etc18.webs.upv.es\/wp-content\/uploads\/2022\/08\/alberto2-e1661963178547-800x335.png\" class=\"elementor-animation-disable-animation attachment-portfolio_item-thumbnail_cinema size-portfolio_item-thumbnail_cinema wp-image-11358\" alt=\"\" sizes=\"100vw\" \/>\t\t\t<\/figure>\n\t\t\n\t\t<div class=\"wpz-member-body\">\n\t\t\t<h2 class=\"wpz-member-name\">Dr. Alberto Conejero Co-chair<\/h2>\n\t\t\t\t\t\t\t<div class=\"wpz-member-position\"><br>Professor of Applied Mathematics<br> Department of Applied Mathematics<br>Universitat Polit\u00e8cnica de Val\u00e8ncia<\/div>\n\t\t\t\n\t\t\t\n\t\t\t\n\t\t\t\t\t\t\t<div class=\"wpz-member-links\">\n\t\t\t\t\t<a target=\"_blank\" rel=\"noopener\" href=\"https:\/\/es.linkedin.com\/in\/albertconejero\" class=\"elementor-repeater-item-2913514\"><i class=\"fa-linkedin fab\" aria-hidden=\"true\"><\/i><\/a>\t\t\t\t<\/div>\n\t\t\t\n\t\t\t\t\t<\/div>\n\t\t\t\t\t\t<\/div>\n\t\t\t\t<\/div>\n\t\t\t\t\t<\/div>\n\t\t<\/div>\n\t\t\t\t<div class=\"has_eae_slider elementor-column elementor-col-33 elementor-top-column elementor-element elementor-element-bf1b82d\" data-eae-slider=\"60291\" data-id=\"bf1b82d\" data-element_type=\"column\" data-e-type=\"column\">\n\t\t\t<div class=\"elementor-widget-wrap elementor-element-populated\">\n\t\t\t\t\t\t<div class=\"elementor-element elementor-element-0f338c6 elementor-widget elementor-widget-wpzoom-elementor-addons-team-members\" data-id=\"0f338c6\" data-element_type=\"widget\" data-e-type=\"widget\" data-widget_type=\"wpzoom-elementor-addons-team-members.default\">\n\t\t\t\t<div class=\"elementor-widget-container\">\n\t\t\t\t\t\n\t\t\t\t\t<figure class=\"wpz-member-figure\">\n\t\t\t\t<img loading=\"lazy\" decoding=\"async\" width=\"281\" height=\"335\" src=\"https:\/\/etc18.webs.upv.es\/wp-content\/uploads\/2022\/11\/jimenez-281x335.jpg\" class=\"elementor-animation-disable-animation attachment-portfolio_item-thumbnail_cinema size-portfolio_item-thumbnail_cinema wp-image-12376\" alt=\"\" sizes=\"100vw\" \/>\t\t\t<\/figure>\n\t\t\n\t\t<div class=\"wpz-member-body\">\n\t\t\t<h2 class=\"wpz-member-name\">Professor Javier Jim\u00e9nez<br>Distinghised Chair<\/h2>\n\t\t\t\t\t\t\t<div class=\"wpz-member-position\">Professor of Fluid Mechanics<br>Department of Fluid Mechanics<br>Universidad Polit\u00e9cnica de Madrid<\/div>\n\t\t\t\n\t\t\t\n\t\t\t\n\t\t\t\t\t\t\t<div class=\"wpz-member-links\">\n\t\t\t\t\t<a target=\"_blank\" rel=\"noopener\" href=\"https:\/\/torroja.dmt.upm.es\/~jimenez\/\" class=\"elementor-repeater-item-4ad99ae\"><i class=\"fa-wordpress fab\" aria-hidden=\"true\"><\/i><\/a>\t\t\t\t<\/div>\n\t\t\t\n\t\t\t\t\t<\/div>\n\t\t\t\t\t\t<\/div>\n\t\t\t\t<\/div>\n\t\t\t\t\t<\/div>\n\t\t<\/div>\n\t\t\t\t\t<\/div>\n\t\t<\/section>\n\t\t\t\t<section class=\"has_eae_slider elementor-section elementor-top-section elementor-element elementor-element-8b68f12 elementor-section-boxed elementor-section-height-default elementor-section-height-default\" data-eae-slider=\"56952\" data-id=\"8b68f12\" data-element_type=\"section\" data-e-type=\"section\">\n\t\t\t\t\t\t<div class=\"elementor-container elementor-column-gap-default\">\n\t\t\t\t\t<div class=\"has_eae_slider elementor-column elementor-col-100 elementor-top-column elementor-element elementor-element-23789b9\" data-eae-slider=\"14661\" data-id=\"23789b9\" data-element_type=\"column\" data-e-type=\"column\">\n\t\t\t<div class=\"elementor-widget-wrap elementor-element-populated\">\n\t\t\t\t\t\t<div class=\"elementor-element elementor-element-457cd0a elementor-widget elementor-widget-heading\" data-id=\"457cd0a\" data-element_type=\"widget\" data-e-type=\"widget\" data-widget_type=\"heading.default\">\n\t\t\t\t<div class=\"elementor-widget-container\">\n\t\t\t\t\t<h2 class=\"elementor-heading-title elementor-size-default\"><h1 style=\"margin-top: 0px;margin-bottom: 50px;padding-right: 0px;padding-bottom: 0px;padding-left: 0px;border: 0px;font-weight: 400;font-size: 48px;line-height: inherit;, sans-serif;vertical-align: baseline;white-space: normal\">ETCC European Turbulence Conference Committee<\/h1><\/h2>\t\t\t\t<\/div>\n\t\t\t\t<\/div>\n\t\t\t\t\t<\/div>\n\t\t<\/div>\n\t\t\t\t\t<\/div>\n\t\t<\/section>\n\t\t\t\t<section class=\"has_eae_slider elementor-section elementor-top-section elementor-element elementor-element-2d70563 elementor-section-boxed elementor-section-height-default elementor-section-height-default\" data-eae-slider=\"10866\" data-id=\"2d70563\" data-element_type=\"section\" data-e-type=\"section\">\n\t\t\t\t\t\t<div class=\"elementor-container elementor-column-gap-default\">\n\t\t\t\t\t<div class=\"has_eae_slider elementor-column elementor-col-100 elementor-top-column elementor-element elementor-element-f73e059\" data-eae-slider=\"96470\" data-id=\"f73e059\" data-element_type=\"column\" data-e-type=\"column\">\n\t\t\t<div class=\"elementor-widget-wrap elementor-element-populated\">\n\t\t\t\t\t\t<div class=\"elementor-element elementor-element-ffa8efd elementor-widget elementor-widget-text-editor\" data-id=\"ffa8efd\" data-element_type=\"widget\" data-e-type=\"widget\" data-widget_type=\"text-editor.default\">\n\t\t\t\t<div class=\"elementor-widget-container\">\n\t\t\t\t\t\t\t\t\t<ul><li><strong>Professor Colm-cille<\/strong> <strong>Caulfield<\/strong>, DAMTP-Centre for Mathematical Sciences, Cambridge University\u00a0 (ETCC CHAIR)<\/li><li><strong>Professor Fr\u00e9d\u00e9ric Dias,<\/strong> School of Mathematics and Statistics,\u00a0University College Dublin<\/li><li><strong>Professor Bettina Frohnapfel,<\/strong>Institut fu\u0308r Str\u00f6mungsmechanik, Karlsruher Institute fu\u0308r Technologie<\/li><li><strong>Professor Bj\u00f6rn Hof, <\/strong>IST Austria (CO-CHAIR)<\/li><li><strong>Professor Patrice Le Gal, <\/strong>\u00a0IRPHE &#8211; Institut de Recherche sur les Ph\u00e9nom\u00e8nes Hors Equilibre, Aix-Marseille Universit\u00e9<\/li><li><strong>Professor Sergio Pirozzoli,<\/strong> Universit\u00e0 di Roma &#8220;La Sapienza&#8221;<\/li><li><strong>Professor Philip Schlatter<\/strong>, KTH Mechanics<\/li><li><strong>Professor Tobias Schneider,<\/strong>\u00a0Section of Mechanical Engineering,\u00a0<span style=\"font-weight: bolder;\">\u00a0<\/span>Ecole Polytechnique F\u00e9d\u00e9rale de Lausanne<\/li><li><strong>Dr. Olga Shishkina\u00a0<\/strong>Max Planck Institute for Dynamics and Self-Organization<\/li><li><strong>Professor Federico Toschi, <\/strong>\u00a0Department of Applied Physics, Fluid Dynamics Laboratory, Eindhoven University of Technology<\/li><\/ul>\t\t\t\t\t\t\t\t<\/div>\n\t\t\t\t<\/div>\n\t\t\t\t\t<\/div>\n\t\t<\/div>\n\t\t\t\t\t<\/div>\n\t\t<\/section>\n\t\t\t\t<section class=\"has_eae_slider elementor-section elementor-top-section elementor-element elementor-element-a94e23e elementor-section-boxed elementor-section-height-default elementor-section-height-default\" data-eae-slider=\"58038\" data-id=\"a94e23e\" data-element_type=\"section\" data-e-type=\"section\">\n\t\t\t\t\t\t<div class=\"elementor-container elementor-column-gap-default\">\n\t\t\t\t\t<div class=\"has_eae_slider elementor-column elementor-col-100 elementor-top-column elementor-element elementor-element-5e11196\" data-eae-slider=\"96205\" data-id=\"5e11196\" data-element_type=\"column\" data-e-type=\"column\">\n\t\t\t<div class=\"elementor-widget-wrap elementor-element-populated\">\n\t\t\t\t\t\t<div class=\"elementor-element elementor-element-6e3cdf4 elementor-widget elementor-widget-heading\" data-id=\"6e3cdf4\" data-element_type=\"widget\" data-e-type=\"widget\" data-widget_type=\"heading.default\">\n\t\t\t\t<div class=\"elementor-widget-container\">\n\t\t\t\t\t<h2 class=\"elementor-heading-title elementor-size-default\">Local Committee<\/h2>\t\t\t\t<\/div>\n\t\t\t\t<\/div>\n\t\t\t\t\t<\/div>\n\t\t<\/div>\n\t\t\t\t\t<\/div>\n\t\t<\/section>\n\t\t\t\t<section class=\"has_eae_slider elementor-section elementor-top-section elementor-element elementor-element-9daa4c1 elementor-section-boxed elementor-section-height-default elementor-section-height-default\" data-eae-slider=\"43476\" data-id=\"9daa4c1\" data-element_type=\"section\" data-e-type=\"section\">\n\t\t\t\t\t\t<div class=\"elementor-container elementor-column-gap-default\">\n\t\t\t\t\t<div class=\"has_eae_slider elementor-column elementor-col-100 elementor-top-column elementor-element elementor-element-24a6eea\" data-eae-slider=\"49576\" data-id=\"24a6eea\" data-element_type=\"column\" data-e-type=\"column\">\n\t\t\t<div class=\"elementor-widget-wrap elementor-element-populated\">\n\t\t\t\t\t\t<div class=\"elementor-element elementor-element-1f27a8c elementor-widget elementor-widget-text-editor\" data-id=\"1f27a8c\" data-element_type=\"widget\" data-e-type=\"widget\" data-widget_type=\"text-editor.default\">\n\t\t\t\t<div class=\"elementor-widget-container\">\n\t\t\t\t\t\t\t\t\t<ul><li>Dr. Malak Kubessi, Universitat Polit\u00e9cnica de Val\u00e8ncia<\/li><li>Professor Mar\u00eda Jezabel P\u00e9rez Quiles. Universitat Polit\u00e9cnica de Val\u00e8ncia<\/li><li>Dr. Vanessa Cuenca. Universitat Polit\u00e9cnica de Val\u00e8ncia<\/li><li>Ms. Mara Escart\u00ed.\u00a0Universitat Polit\u00e9cnica de Val\u00e8ncia<\/li><li>Dr. Francesca Larosa, KTH, Sweeden<\/li><\/ul>\t\t\t\t\t\t\t\t<\/div>\n\t\t\t\t<\/div>\n\t\t\t\t\t<\/div>\n\t\t<\/div>\n\t\t\t\t\t<\/div>\n\t\t<\/section>\n\t\t\t\t<\/div>\n\t\t","protected":false},"excerpt":{"rendered":"<p>People Conference chair Dr. Sergio Hoyas. Prof. of Aerospace Engineering Department of Thermal Engines Universitat Polit\u00e8cnica de Val\u00e8ncia Dr. Oscar Flores Co-chair Associate Professor of Aerospace EngineeringDepartment of Aerospace Universidad Carlos III de Madrid Dr. Alberto Conejero Co-chair Professor of Applied Mathematics Department of Applied MathematicsUniversitat Polit\u00e8cnica de Val\u00e8ncia Professor Javier Jim\u00e9nezDistinghised Chair Professor of &hellip; <\/p>\n<p class=\"link-more\"><a href=\"https:\/\/etc18.webs.upv.es\/index.php\/people\/\" class=\"more-link\">Read more<span class=\"screen-reader-text\"> &#8220;People&#8221;<\/span><\/a><\/p>\n","protected":false},"author":1,"featured_media":0,"parent":0,"menu_order":0,"comment_status":"closed","ping_status":"closed","template":"","meta":{"inspiro_hide_title":false,"footnotes":""},"folder":[],"class_list":["post-11176","page","type-page","status-publish","hentry"],"aioseo_notices":[],"featured_media_urls":[],"_links":{"self":[{"href":"https:\/\/etc18.webs.upv.es\/index.php\/wp-json\/wp\/v2\/pages\/11176","targetHints":{"allow":["GET"]}}],"collection":[{"href":"https:\/\/etc18.webs.upv.es\/index.php\/wp-json\/wp\/v2\/pages"}],"about":[{"href":"https:\/\/etc18.webs.upv.es\/index.php\/wp-json\/wp\/v2\/types\/page"}],"author":[{"embeddable":true,"href":"https:\/\/etc18.webs.upv.es\/index.php\/wp-json\/wp\/v2\/users\/1"}],"replies":[{"embeddable":true,"href":"https:\/\/etc18.webs.upv.es\/index.php\/wp-json\/wp\/v2\/comments?post=11176"}],"version-history":[{"count":96,"href":"https:\/\/etc18.webs.upv.es\/index.php\/wp-json\/wp\/v2\/pages\/11176\/revisions"}],"predecessor-version":[{"id":13648,"href":"https:\/\/etc18.webs.upv.es\/index.php\/wp-json\/wp\/v2\/pages\/11176\/revisions\/13648"}],"wp:attachment":[{"href":"https:\/\/etc18.webs.upv.es\/index.php\/wp-json\/wp\/v2\/media?parent=11176"}],"wp:term":[{"taxonomy":"folder","embeddable":true,"href":"https:\/\/etc18.webs.upv.es\/index.php\/wp-json\/wp\/v2\/folder?post=11176"}],"curies":[{"name":"wp","href":"https:\/\/api.w.org\/{rel}","templated":true}]}}